) = 2*g - 33. Calculate k(12).
-9
Let z(s) = 8*s - 33. What is z(5)?
7
Let b(j) = j**2 - 5*j + 4. What is b(8)?
28
Let p(i) = i**3 - 4*i**2 - 17*i + 62. What is p(4)?
-6
Let b(m) = -17*m**2 + 23*m - 22. Determine b(1).
-16
Let p(c) = -c**3 - 3*c**2 + c + 5. Determine p(-4).
17
Let t(o) = -o**2 + 3*o + 3. Calculate t(0).
3
Let i(r) = -3*r**2 + 2*r. What is i(-2)?
-16
Let k(i) = i**3 + 3*i**2 - 6*i - 10. What is k(-4)?
-2
Let d(h) = 2*h**3 + 12*h**2 - h - 2. What is d(-5)?
53
Let u(v) = -2*v**3 + 13*v**2 + 10*v - 21. What is u(7)?
0
Let l(k) = k**2 + 24*k - 37. Give l(-24).
-37
Let a(o) = -2*o**3 + 5*o - 5. Give a(2).
-11
Let f(c) = -c**3 + 15*c**2 + 12*c + 7. Calculate f(16).
-57
Let s(a) = a**3 + 6*a**2 - 7*a - 11. Calculate s(-7).
-11
Let s(o) = -42*o + 83. What is s(2)?
-1
Let b(x) = x**2 - 1. Calculate b(-2).
3
Let x(a) = -3*a - 31. Determine x(0).
-31
Let u(y) = -y**2 + 4*y + 15. What is u(0)?
15
Let i(s) = s**2 - 2*s - 6. What is i(0)?
-6
Let p(r) = -2*r**2 - 2*r - 3. Calculate p(-2).
-7
Let t(b) = 5*b + 27. What is t(0)?
27
Let b(y) = y**2 - 2*y - 35. Calculate b(0).
-35
Let l(x) = x**3 - 10*x**2 + 10*x + 7. Calculate l(9).
16
Let v(i) = -i**3 - i**2 - 3*i - 19. Calculate v(0).
-19
Let b(j) = 13*j + 6. Determine b(-8).
-98
Let i(k) = k**3 - 17*k**2 - 20*k + 38. Calculate i(18).
2
Let y(o) = 2*o**3 + 2*o**2 + 7*o + 5. Give y(-2).
-17
Let v(a) = 2*a**3 + 15*a**2 - 7*a + 4. What is v(-8)?
-4
Let b(f) = f**2 + 13*f - 112. Calculate b(-19).
2
Let q(v) = v**3 - 5*v**2 - 3*v - 2. Determine q(4).
-30
Let y(s) = s**2 + 10*s + 13. Give y(-9).
4
Let v(p) = -11*p + 14. What is v(6)?
-52
Let v(j) = 5*j - 4. Calculate v(-3).
-19
Let t(r) = -r**3 - 2*r**2 + 6*r - 7. Calculate t(2).
-11
Let g(o) = -6*o**2 - o + 1. Determine g(-2).
-21
Let y(o) = o**2 - 2*o - 9. Determine y(8).
39
Let x(h) = h**2 - 20*h + 64. Determine x(19).
45
Let v(j) = j**3 - 13*j**2 + 2*j - 19. Determine v(13).
7
Let m(w) = -9*w**3 + 2*w**2 - 2*w - 2. Give m(-1).
11
Let k(c) = 10*c**2 + 1. Calculate k(1).
11
Let u(n) = -n**3 - 6*n**2 - 4*n - 4. What is u(-4)?
-20
Let k(p) = 4*p - 15. Give k(4).
1
Let x(y) = -3*y - 22. Give x(-10).
8
Let u(n) = n**2 - 13*n + 17. Calculate u(11).
-5
Let a(r) = -8*r + 1. Determine a(-9).
73
Let r(s) = -s**3 - 7*s**2 - 10*s - 9. Calculate r(-5).
-9
Let l(o) = o - 14. What is l(9)?
-5
Let r(t) = 3*t**2 - 12*t - 66. Give r(7).
-3
Let o(w) = w**3 + 4*w**2 + 1. Give o(-5).
-24
Let i(t) = -11*t**3 + 2*t + 1. Calculate i(-1).
10
Let z(d) = -2*d**2 - 53*d - 71. Give z(-25).
4
Let m(l) = l**3 + 10*l**2 + 22. Determine m(-10).
22
Let m(b) = -b**3 + 7*b**2 - 4*b + 9. Give m(6).
21
Let o(d) = -d - 2. Calculate o(7).
-9
Let d(a) = -10*a**3 - a**2 + 2*a + 1. Determine d(-2).
73
Let c(v) = 7*v - 32. Give c(6).
10
Let k(u) = -u**3 + 11*u**2 - 8*u - 21. Determine k(9).
69
Let t(c) = 25*c + 518. Give t(-21).
-7
Let h(x) = -12*x - 54. Give h(-5).
6
Let i(r) = r**3 - 9*r**2 - r - 2. Calculate i(9).
-11
Let y(x) = x**3 + 7*x**2 + 6*x + 43. What is y(-7)?
1
Let f(u) = u**2 + u - 4. Determine f(-3).
2
Let g(d) = 5*d**2 + 3*d - 5. Determine g(-4).
63
Let d(b) = b**3 + b - 117. Give d(0).
-117
Let v(p) = -5*p - 170. Calculate v(-28).
-30
Let y(u) = 3*u**2 + 6*u + 16. What is y(-5)?
61
Let p(g) = g**3 - 5*g**2 - 9*g + 8. What is p(6)?
-10
Let a(v) = -v + 4. Give a(15).
-11
Let q(k) = -k + 5. Calculate q(-6).
11
Let k(j) = -j**3 - 2*j + 20. Give k(0).
20
Let k(d) = d + 103. What is k(0)?
103
Let k(c) = -6*c + 77. Give k(15).
-13
Let n(z) = -z**2 - 16*z - 20. What is n(-15)?
-5
Let p(u) = -u + 6. What is p(18)?
-12
Let c(q) = q**2 + 28*q + 123. What is c(-6)?
-9
Let k(v) = -3*v**2 + v + 7. Calculate k(3).
-17
Let p(v) = -v**3 + 7*v**2 - 8*v + 2. Calculate p(7).
-54
Let f(r) = r**2 - r - 3. What is f(-2)?
3
Let p(x) = -x**3 - 30*x**2 + 24*x - 182. Calculate p(-31).
35
Let n(d) = -d**2 - 14*d + 14. Determine n(1).
-1
Let s(p) = -p**3 - 5*p**2 - 2*p + 1. Determine s(-5).
11
Let u(f) = -f**3 + 25*f**2 - 2*f + 53. Determine u(25).
3
Let h(u) = -3*u + 11. What is h(5)?
-4
Let r(h) = -2*h**2 - 8*h + 46. Determine r(4).
-18
Let u(a) = -4*a**2 - 5*a + 1. Determine u(2).
-25
Let q(k) = 3*k**2 + 57*k + 55. Calculate q(-18).
1
Let g(r) = 4*r + 25. Give g(-7).
-3
Let f(u) = 3*u**2 - 23*u - 2. Determine f(8).
6
Let u(b) = 3*b - 12. Calculate u(17).
39
Let n(s) = s + 3. Calculate n(2).
5
Let p(k) = k**3 - 7*k**2 - 6*k - 1. Give p(7).
-43
Let k(o) = -3*o + 1. What is k(-4)?
13
Let u(t) = -t**3 - 37*t**2 + 163*t - 35. Determine u(-41).
6
Let i(p) = -p - 20. Calculate i(-28).
8
Let d(a) = a**2 + 7*a - 3. Calculate d(-8).
5
Let z(m) = m**3 + 7*m**2 + 2*m - 16. Give z(-7).
-30
Let u(o) = o**2 + 9*o - 30. What is u(-12)?
6
Let y(x) = -x**3 - 6*x**2 + 3*x + 8. What is y(-7)?
36
Let g(k) = -2*k**3 - 11*k**2 - 2*k - 9. Give g(-5).
-24
Let t(o) = o**3 + 11*o**2 + 12*o - 44. Determine t(-9).
10
Let c(u) = 2*u**2 + 42*u + 17. Give c(-15).
-163
Let d(m) = 58*m - 243. What is d(4)?
-11
Let v(l) = l**3 - 4*l**2 - l. What is v(4)?
-4
Let x(k) = 14*k**2 + 24*k - 9. Calculate x(-3).
45
Let c(r) = 4*r**2 + 4*r - 10. What is c(2)?
14
Let r(p) = 43*p**2 + 2*p + 1. Calculate r(-1).
42
Let p(a) = -2*a**3 + a**2 - a - 1. Give p(-3).
65
Let z(r) = r**2 + 23*r - 116. Calculate z(-27).
-8
Let r(w) = 8*w**3 - 4*w**2 + 4*w - 2. Give r(1).
6
Let k(b) = -22*b**3 - b**2 + 1. What is k(-1)?
22
Let o(g) = g**3 + 6*g**2 + 10*g + 19. Determine o(-7).
-100
Let f(p) = -p**3 - 3*p**2 + 6*p + 3. Determine f(-5).
23
Let l(t) = t**3 + t**2 - 3*t - 1. What is l(3)?
26
Let c(i) = -144*i - 4. What is c(-1)?
140
Let z(o) = o**2 - 2*o - 10. Give z(7).
25
Let d(s) = -s**3 + 7*s**2 - 5*s + 19. Give d(6).
25
Let k(t) = -t**3 + 4*t**2 + 3*t + 8. What is k(5)?
-2
Let u(s) = -s**3 + 14*s**2 + 35*s - 58. What is u(16)?
-10
Let b(k) = -k + 61. Determine b(23).
38
Let h(k) = -2*k**3 - 2*k**2 + k + 2. Determine h(-2).
8
Let j(n) = 25*n + 4. What is j(-1)?
-21
Let y(w) = w**2 - w + 1. Calculate y(-2).
7
Let n(w) = 2*w**3 - 3*w**2 - 9*w - 9. Calculate n(-2).
-19
Let p(l) = -l**3 + 10*l**2 - 4*l - 4. What is p(10)?
-44
Let a(w) = 7*w - 81. Determine a(10).
-11
Let t(n) = -n**3 - n**2 - 2*n. Calculate t(-2).
8
Let l(n) = 5*n**3 - n. What is l(2)?
38
Let o(f) = -f**2 - 17*f + 4. Give o(-8).
76
Let p(a) = -7*a**2 + a - 4. Give p(2).
-30
Let y(z) = z**3 - 6*z**2. Calculate y(6).
0
Let p(j) = -24*j + 20. Calculate p(2).
-28
Let l(x) = 8*x**2 - x + 1. Give l(1).
8
Let u(l) = 29*l + 17. Give u(-1).
-12
Let n(a) = 20*a - 7. Give n(2).
33
Let s(a) = -a**2 + 7*a + 9. Determine s(6).
15
Let v(f) = -f**2 - 4*f + 2. What is v(0)?
2
Let x(t) = -2*t + 23. Give x(15).
-7
Let g(k) = -k**3 - 4*k**2 + 6*k + 3. Give g(-5).
-2
Let k(o) = -o**3 - 8*o**2 - 8*o + 5. What is k(-7)?
12
Let a(j) = 8*j**3 - j**2 - 6*j. Give a(2).
48
Let s(p) = -5*p + 78. Determine s(14).
8
Let v(k) = 2*k**2 + 2*k + 1. Determine v(-1).
1
Let o(i) = -7*i + 15. Give o(3).
-6
Let n(j) = j**3 + 4*j**2 - 7*j - 6. Give n(-5).
4
Let t(k) = k**2 - 4*k - 49. Determine t(-5).
-4
Let y(x) = -x**3 + x**2 - 4*x + 8. Calculate y(0).
8
Let u(g) = -g**3 - g**2 + 24*g + 9. Calculate u(5).
-21
Let q(z) = -2*z + 44. What is q(0)?
44
Let u(s) = -s**3 - 6*s**2 + 8*s + 9. Give u(-7).
2
Let n(r) = -2*r + 16. Give n(4).
8
Let w(n) = -n**3 + 6*n - 4. Give w(3).
-13
Let c(d) = 2*d**2 - 44*d + 232. What is c(8)?
8
Let u(x) = -11*x + 13. Determine u(12).
-119
Let q(f) = f**3 - 7*f**2 + 15*f - 24. Give q(5).
1
Let o(z) = 6*z + 50. Determine o(0).
50
Let k(t) = -23*t + 1. Calculate k(1).
-22
Let v(h) = 3*h**3 - h**2 - 2*h - 2. Determine v(2).
14
Let y(u) = u**2 - 13*u - 4. Give y(12).
-16
Let f(l) = -4*l - 8. Determine f(-4).
8
Let i(x) = 4*x**2 + 8*x - 32. Give i(4).
64
Let s(y) = y**2 - 4*y - 10. Calculate s(6).
2
Let s(n) = -8*n + 3. Determine s(0).
3
Let d(j) = 49*j**3 + j**2 - 2*j + 1. Calculate d(1).
49
Let l(g) = 11*g - 56. Determine l(5).
-1
Let x(t) = 2*t**2 + t - 6. What is x(0)?
-6
Let l(g) = 7*g - 75. Determine l(6).
-33
Let m(c) = -c**2 + 2*c + 19. Calculate m(-6).
-29
Let l(a) = 19*a**2 - 4*a - 1. Calculate l(2).
67
Let q(r) = -r**3 - 4*r**2 - 7*r - 4. Give q(-3).
8
Let z(q) = -70*q + 23. Give z(-2).
163
Let a(o) = -o**3 - 3*o**2 - o. Determine a(-3).
3
Let g(p) = -p**3 + 31*p**2 - 32*p + 60. Determine g(30).